{"id":14,"date":"2019-11-14T17:37:59","date_gmt":"2019-11-14T16:37:59","guid":{"rendered":"https:\/\/korianderplus.de\/Koriander_2019\/?page_id=14"},"modified":"2024-09-25T12:54:10","modified_gmt":"2024-09-25T10:54:10","slug":"impressum","status":"publish","type":"page","link":"https:\/\/www.korianderplus.de\/?page_id=14","title":{"rendered":"Impressum"},"content":{"rendered":"\n<p class=\"absatz_prominent\">koriander plus GmbH<br>Nordendstrasse 64<br>80801 M\u00fcnchen<\/p>\n\n\n\n<p class=\"absatz_prominent\">Telefon: <strong>+<\/strong>49 (0) 89 \/ 288 05 582<br>E-Mail: info(at)korianderplus.de<br>Web <a href=\"https:\/\/korianderplus.de\/\">www.korianderplus.de<\/a><\/p>\n\n\n\n<p class=\"absatz_prominent\">Sitz der Gesellschaft: M\u00fcnchen<br>HR: Amtsgericht M\u00fcnchen, HRB 159962<br>Steuer Nummer: 143\/155\/10644<\/p>\n\n\n\n<p class=\"absatz_prominent\">Gesch\u00e4ftsf\u00fchrer: Thi Hoai Nguyen<br>Prokurist: Viet-D\u00fac Nguyen<br>Verantwortlich f\u00fcr den Inhalt nach \u00a7 55 Abs. 2 RStV: Viet-D\u00fac&nbsp;Nguyen<\/p>\n\n\n\n<p class=\"has-medium-font-size\">The Family:<br>Jaadin \/ <a href=\"https:\/\/jaadin.de\" target=\"_blank\" rel=\"noreferrer noopener\">www.jaadin.de<\/a><br>CiaoChang \/ <a href=\"http:\/\/ciaochang.de\" target=\"_blank\" rel=\"noreferrer noopener\">www.ciaochang.de<\/a><br><\/p>\n\n\n\n<p class=\"has-medium-font-size\">Gestaltung: <a href=\"https:\/\/felixfinger.de\/\" target=\"_blank\" rel=\"noreferrer noopener\">Felix Finger<\/a><\/p>\n<div class=\"tkss-post-share icons \"><div class=\"single-soc-share-link\"><a href=\"https:\/\/www.facebook.com\/sharer\/sharer.php?u=https:\/\/www.korianderplus.de\/?page_id=14\" title=\"Share on Facebook\" target=\"_blank\"><span>Facebook<\/span><i class=\"icon-facebook\"><\/i><\/a><\/div><div class=\"single-soc-share-link\"><a href=\"https:\/\/twitter.com\/home?status=Check%20out%20this%20article:%20Impressum%20-%20https:\/\/www.korianderplus.de\/?page_id=14\" title=\"Share on Twitter\" target=\"_blank\"><span>Twitter<\/span><i class=\"icon-twitter\"><\/i><\/a><\/div><div class=\"single-soc-share-link\"><a href=\"https:\/\/plus.google.com\/share?url=https:\/\/www.korianderplus.de\/?page_id=14\" title=\"Share on Google\" target=\"_blank\"><span>Google<\/span><i class=\"icon-google\"><\/i><\/a><\/div><div class=\"single-soc-share-link\"><a href=\"mailto:?Subject=Impressum&Body=I%20saw%20this%20and%20thought%20of%20you!%20https:\/\/www.korianderplus.de\/?page_id=14\" title=\"Share on Mail\" target=\"_blank\"><span>Mail<\/span><i class=\"icon-mail\"><\/i><\/a><\/div><\/div>","protected":false},"excerpt":{"rendered":"<p>koriander plus GmbHNordendstrasse 6480801 M\u00fcnchen Telefon: +49 (0) 89 \/ 288 05 582E-Mail: info(at)korianderplus.deWeb www.korianderplus.de Sitz der Gesellschaft: M\u00fcnchenHR: Amtsgericht M\u00fcnchen, HRB 159962Steuer Nummer: 143\/155\/10644 Gesch\u00e4ftsf\u00fchrer: Thi Hoai NguyenProkurist: Viet-D\u00fac NguyenVerantwortlich f\u00fcr den Inhalt nach \u00a7 55 Abs. 2 RStV: Viet-D\u00fac&nbsp;Nguyen The Family:Jaadin \/ www.jaadin.deCiaoChang \/ www.ciaochang.de Gestaltung: Felix Finger Facebook Twitter Google Mail<\/p>\n<p><a class=\"moretag\" href=\"https:\/\/www.korianderplus.de\/?page_id=14\">Read more<\/a><\/p>\n","protected":false},"author":1,"featured_media":0,"parent":0,"menu_order":0,"comment_status":"closed","ping_status":"closed","template":"","meta":{"footnotes":""},"_links":{"self":[{"href":"https:\/\/www.korianderplus.de\/index.php?rest_route=\/wp\/v2\/pages\/14"}],"collection":[{"href":"https:\/\/www.korianderplus.de\/index.php?rest_route=\/wp\/v2\/pages"}],"about":[{"href":"https:\/\/www.korianderplus.de\/index.php?rest_route=\/wp\/v2\/types\/page"}],"author":[{"embeddable":true,"href":"https:\/\/www.korianderplus.de\/index.php?rest_route=\/wp\/v2\/users\/1"}],"replies":[{"embeddable":true,"href":"https:\/\/www.korianderplus.de\/index.php?rest_route=%2Fwp%2Fv2%2Fcomments&post=14"}],"version-history":[{"count":24,"href":"https:\/\/www.korianderplus.de\/index.php?rest_route=\/wp\/v2\/pages\/14\/revisions"}],"predecessor-version":[{"id":517,"href":"https:\/\/www.korianderplus.de\/index.php?rest_route=\/wp\/v2\/pages\/14\/revisions\/517"}],"wp:attachment":[{"href":"https:\/\/www.korianderplus.de\/index.php?rest_route=%2Fwp%2Fv2%2Fmedia&parent=14"}],"curies":[{"name":"wp","href":"https:\/\/api.w.org\/{rel}","templated":true}]}}